{"id":7716,"date":"2022-10-06T09:28:23","date_gmt":"2022-10-06T07:28:23","guid":{"rendered":"http:\/\/geniodelbosco.youelba.com\/gli-appartamenti\/appartamento-granseola\/"},"modified":"2024-12-09T10:48:34","modified_gmt":"2024-12-09T09:48:34","slug":"ferienwohnung-granseola","status":"publish","type":"listing","link":"https:\/\/www.appartamentisoladelba.it\/de\/die-ferienwohnungen\/ferienwohnung-granseola\/","title":{"rendered":"Ferienwohnung Granseola"},"content":{"rendered":"<div class=\"itemIntroText\">\n<p>Wohnung in Elba, in der Umgebung von Marina di Campo.\u00a0Fahrr\u00e4der stehen zur Verf\u00fcgung, um das Zentrum und den Sandstrand zu erreichen, der nur 5 Minuten entfernt ist.<br \/>\nGranseola ist eine gepflegte Zweizimmerwohnung an der S\u00fcdk\u00fcste der Insel, nicht weit entfernt von Elbas gr\u00f6\u00dftem Strand, Marina di Campo.<br \/>\nDas Dorf und der Strand sind 1 km entfernt und k\u00f6nnen leicht mit den Fahrr\u00e4dern erreicht werden, die die Eigent\u00fcmer ihren G\u00e4sten kostenlos zur Verf\u00fcgung stellen.<br \/>\nMarina di Campo ist im Sommer ein sehr beliebter Badeort; sein Zentrum, das sich zum langen Sandstrand hin \u00f6ffnet, ist voll von Restaurants, Clubs, kleinen Gesch\u00e4ften und bunten Abendbuden entlang der Strandpromenade.<br \/>\nGranseola befindet sich im Erdgeschoss eines Landhauses mit insgesamt vier Wohnungen.<br \/>\nEs besteht aus: Wohnzimmer mit Kochnische und Schlafsofa f\u00fcr zwei Personen, Schlafzimmer mit Doppelbett, Bad mit Duschkabine und gepflastertem Eingang zum Essen im Freien.<br \/>\nF\u00fcr mehrere Familien, die ihren Urlaub gemeinsam verbringen wollen, stehen auch die anderen drei Wohnungen zur Verf\u00fcgung: Stenella (Einzimmerwohnung 2 Personen), Stella Marina (Zweizimmerwohnung 4 Personen) und Aragosta (Einzimmerwohnung 2 Personen).<br \/>\nAlle Wohnungen haben Zugang zum Gemeinschaftsgarten mit Pavillon und Grill sowie zum Waschraum.<\/p>\n<p>CIN: IT049003C2OFEE4O8G<\/p>\n<\/div>\n","protected":false},"excerpt":{"rendered":"<p>Wohnung in Elba, in der Umgebung von Marina di Campo.\u00a0Fahrr\u00e4der stehen zur Verf\u00fcgung, um das Zentrum und den Sandstrand zu erreichen, der nur 5 Minuten entfernt ist. Granseola ist eine gepflegte Zweizimmerwohnung an der S\u00fcdk\u00fcste der Insel, nicht weit entfernt von Elbas gr\u00f6\u00dftem Strand, Marina di Campo. Das Dorf und der Strand sind 1 km [&hellip;]<\/p>\n","protected":false},"author":2,"featured_media":6689,"parent":0,"menu_order":0,"template":"","listing_type":[907],"room_type":[922,919],"amenities":[926,944,943,941,949,981,946],"facilities":[961],"listing_countries":[965],"listing_states":[967],"listing_cities":[977],"listing_areas":[],"class_list":["post-7716","listing","type-listing","status-publish","has-post-thumbnail","hentry","listing_type-zwei-zimmer-wohnung","room_type-mit-familie","room_type-mit-hund","listing_amenity-barbecue-de","listing_amenity-garten","listing_amenity-gazebo-de","listing_amenity-klimatisierung","listing_amenity-parken","listing_amenity-tv-de","listing_amenity-waschmaschine","listing_facility-im-gruenen","listing_country-italien","listing_state-insel-elba","listing_city-marina-di-campo-de"],"yoast_head":"<!-- This site is optimized with the Yoast SEO plugin v27.2 - https:\/\/yoast.com\/product\/yoast-seo-wordpress\/ -->\n<title>Ferienwohnung Granseola - Appartamenti Isola d&#039;Elba<\/title>\n<meta name=\"robots\" content=\"index, follow, max-snippet:-1, max-image-preview:large, max-video-preview:-1\" \/>\n<link rel=\"canonical\" href=\"https:\/\/www.appartamentisoladelba.it\/de\/die-ferienwohnungen\/ferienwohnung-granseola\/\" \/>\n<meta property=\"og:locale\" content=\"de_DE\" \/>\n<meta property=\"og:type\" content=\"article\" \/>\n<meta property=\"og:title\" content=\"Ferienwohnung Granseola - Appartamenti Isola d&#039;Elba\" \/>\n<meta property=\"og:description\" content=\"Wohnung in Elba, in der Umgebung von Marina di Campo.\u00a0Fahrr\u00e4der stehen zur Verf\u00fcgung, um das Zentrum und den Sandstrand zu erreichen, der nur 5 Minuten entfernt ist. Granseola ist eine gepflegte Zweizimmerwohnung an der S\u00fcdk\u00fcste der Insel, nicht weit entfernt von Elbas gr\u00f6\u00dftem Strand, Marina di Campo. Das Dorf und der Strand sind 1 km [&hellip;]\" \/>\n<meta property=\"og:url\" content=\"https:\/\/www.appartamentisoladelba.it\/de\/die-ferienwohnungen\/ferienwohnung-granseola\/\" \/>\n<meta property=\"og:site_name\" content=\"Appartamenti Isola d&#039;Elba\" \/>\n<meta property=\"article:publisher\" content=\"https:\/\/www.facebook.com\/appartamentisoladelba\/\" \/>\n<meta property=\"article:modified_time\" content=\"2024-12-09T09:48:34+00:00\" \/>\n<meta property=\"og:image\" content=\"https:\/\/www.appartamentisoladelba.it\/wp-content\/uploads\/2022\/10\/granseola-01.jpg\" \/>\n\t<meta property=\"og:image:width\" content=\"1100\" \/>\n\t<meta property=\"og:image:height\" content=\"733\" \/>\n\t<meta property=\"og:image:type\" content=\"image\/jpeg\" \/>\n<meta name=\"twitter:card\" content=\"summary_large_image\" \/>\n<meta name=\"twitter:label1\" content=\"Gesch\u00e4tzte Lesezeit\" \/>\n\t<meta name=\"twitter:data1\" content=\"2\u00a0Minuten\" \/>\n<!-- \/ Yoast SEO plugin. -->","yoast_head_json":{"title":"Ferienwohnung Granseola - Appartamenti Isola d&#039;Elba","robots":{"index":"index","follow":"follow","max-snippet":"max-snippet:-1","max-image-preview":"max-image-preview:large","max-video-preview":"max-video-preview:-1"},"canonical":"https:\/\/www.appartamentisoladelba.it\/de\/die-ferienwohnungen\/ferienwohnung-granseola\/","og_locale":"de_DE","og_type":"article","og_title":"Ferienwohnung Granseola - Appartamenti Isola d&#039;Elba","og_description":"Wohnung in Elba, in der Umgebung von Marina di Campo.\u00a0Fahrr\u00e4der stehen zur Verf\u00fcgung, um das Zentrum und den Sandstrand zu erreichen, der nur 5 Minuten entfernt ist. Granseola ist eine gepflegte Zweizimmerwohnung an der S\u00fcdk\u00fcste der Insel, nicht weit entfernt von Elbas gr\u00f6\u00dftem Strand, Marina di Campo. Das Dorf und der Strand sind 1 km [&hellip;]","og_url":"https:\/\/www.appartamentisoladelba.it\/de\/die-ferienwohnungen\/ferienwohnung-granseola\/","og_site_name":"Appartamenti Isola d&#039;Elba","article_publisher":"https:\/\/www.facebook.com\/appartamentisoladelba\/","article_modified_time":"2024-12-09T09:48:34+00:00","og_image":[{"width":1100,"height":733,"url":"https:\/\/www.appartamentisoladelba.it\/wp-content\/uploads\/2022\/10\/granseola-01.jpg","type":"image\/jpeg"}],"twitter_card":"summary_large_image","twitter_misc":{"Gesch\u00e4tzte Lesezeit":"2\u00a0Minuten"},"schema":{"@context":"https:\/\/schema.org","@graph":[{"@type":"WebPage","@id":"https:\/\/www.appartamentisoladelba.it\/de\/die-ferienwohnungen\/ferienwohnung-granseola\/","url":"https:\/\/www.appartamentisoladelba.it\/de\/die-ferienwohnungen\/ferienwohnung-granseola\/","name":"Ferienwohnung Granseola - Appartamenti Isola d&#039;Elba","isPartOf":{"@id":"https:\/\/www.appartamentisoladelba.it\/de\/#website"},"primaryImageOfPage":{"@id":"https:\/\/www.appartamentisoladelba.it\/de\/die-ferienwohnungen\/ferienwohnung-granseola\/#primaryimage"},"image":{"@id":"https:\/\/www.appartamentisoladelba.it\/de\/die-ferienwohnungen\/ferienwohnung-granseola\/#primaryimage"},"thumbnailUrl":"https:\/\/www.appartamentisoladelba.it\/wp-content\/uploads\/2022\/10\/granseola-01.jpg","datePublished":"2022-10-06T07:28:23+00:00","dateModified":"2024-12-09T09:48:34+00:00","breadcrumb":{"@id":"https:\/\/www.appartamentisoladelba.it\/de\/die-ferienwohnungen\/ferienwohnung-granseola\/#breadcrumb"},"inLanguage":"de","potentialAction":[{"@type":"ReadAction","target":["https:\/\/www.appartamentisoladelba.it\/de\/die-ferienwohnungen\/ferienwohnung-granseola\/"]}]},{"@type":"ImageObject","inLanguage":"de","@id":"https:\/\/www.appartamentisoladelba.it\/de\/die-ferienwohnungen\/ferienwohnung-granseola\/#primaryimage","url":"https:\/\/www.appartamentisoladelba.it\/wp-content\/uploads\/2022\/10\/granseola-01.jpg","contentUrl":"https:\/\/www.appartamentisoladelba.it\/wp-content\/uploads\/2022\/10\/granseola-01.jpg","width":1100,"height":733},{"@type":"BreadcrumbList","@id":"https:\/\/www.appartamentisoladelba.it\/de\/die-ferienwohnungen\/ferienwohnung-granseola\/#breadcrumb","itemListElement":[{"@type":"ListItem","position":1,"name":"Home","item":"https:\/\/www.appartamentisoladelba.it\/de\/"},{"@type":"ListItem","position":2,"name":"Listings","item":"https:\/\/www.appartamentisoladelba.it\/de\/die-ferienwohnungen\/"},{"@type":"ListItem","position":3,"name":"Ferienwohnung Granseola"}]},{"@type":"WebSite","@id":"https:\/\/www.appartamentisoladelba.it\/de\/#website","url":"https:\/\/www.appartamentisoladelba.it\/de\/","name":"Appartamenti Isola d'Elba","description":"Wohnungen zur Miete auf der Insel Elba f\u00fcr den Sommer","publisher":{"@id":"https:\/\/www.appartamentisoladelba.it\/de\/#organization"},"alternateName":"Appartamenti Elba","potentialAction":[{"@type":"SearchAction","target":{"@type":"EntryPoint","urlTemplate":"https:\/\/www.appartamentisoladelba.it\/de\/?s={search_term_string}"},"query-input":{"@type":"PropertyValueSpecification","valueRequired":true,"valueName":"search_term_string"}}],"inLanguage":"de"},{"@type":"Organization","@id":"https:\/\/www.appartamentisoladelba.it\/de\/#organization","name":"Appartamenti Isola d'Elba","alternateName":"Appartamenti Elba","url":"https:\/\/www.appartamentisoladelba.it\/de\/","logo":{"@type":"ImageObject","inLanguage":"de","@id":"https:\/\/www.appartamentisoladelba.it\/de\/#\/schema\/logo\/image\/","url":"https:\/\/www.appartamentisoladelba.it\/wp-content\/uploads\/2026\/01\/logo_appartamenti_2000px_testo_superdef.jpg","contentUrl":"https:\/\/www.appartamentisoladelba.it\/wp-content\/uploads\/2026\/01\/logo_appartamenti_2000px_testo_superdef.jpg","width":2000,"height":2000,"caption":"Appartamenti Isola d'Elba"},"image":{"@id":"https:\/\/www.appartamentisoladelba.it\/de\/#\/schema\/logo\/image\/"},"sameAs":["https:\/\/www.facebook.com\/appartamentisoladelba\/","https:\/\/www.instagram.com\/appartamentisoladelba\/"]}]}},"_links":{"self":[{"href":"https:\/\/www.appartamentisoladelba.it\/de\/wp-json\/wp\/v2\/listings\/7716","targetHints":{"allow":["GET"]}}],"collection":[{"href":"https:\/\/www.appartamentisoladelba.it\/de\/wp-json\/wp\/v2\/listings"}],"about":[{"href":"https:\/\/www.appartamentisoladelba.it\/de\/wp-json\/wp\/v2\/types\/listing"}],"author":[{"embeddable":true,"href":"https:\/\/www.appartamentisoladelba.it\/de\/wp-json\/wp\/v2\/users\/2"}],"version-history":[{"count":3,"href":"https:\/\/www.appartamentisoladelba.it\/de\/wp-json\/wp\/v2\/listings\/7716\/revisions"}],"predecessor-version":[{"id":14059,"href":"https:\/\/www.appartamentisoladelba.it\/de\/wp-json\/wp\/v2\/listings\/7716\/revisions\/14059"}],"wp:featuredmedia":[{"embeddable":true,"href":"https:\/\/www.appartamentisoladelba.it\/de\/wp-json\/wp\/v2\/media\/6689"}],"wp:attachment":[{"href":"https:\/\/www.appartamentisoladelba.it\/de\/wp-json\/wp\/v2\/media?parent=7716"}],"wp:term":[{"taxonomy":"listing_type","embeddable":true,"href":"https:\/\/www.appartamentisoladelba.it\/de\/wp-json\/wp\/v2\/listing_type?post=7716"},{"taxonomy":"room_type","embeddable":true,"href":"https:\/\/www.appartamentisoladelba.it\/de\/wp-json\/wp\/v2\/room_type?post=7716"},{"taxonomy":"listing_amenity","embeddable":true,"href":"https:\/\/www.appartamentisoladelba.it\/de\/wp-json\/wp\/v2\/amenities?post=7716"},{"taxonomy":"listing_facility","embeddable":true,"href":"https:\/\/www.appartamentisoladelba.it\/de\/wp-json\/wp\/v2\/facilities?post=7716"},{"taxonomy":"listing_country","embeddable":true,"href":"https:\/\/www.appartamentisoladelba.it\/de\/wp-json\/wp\/v2\/listing_countries?post=7716"},{"taxonomy":"listing_state","embeddable":true,"href":"https:\/\/www.appartamentisoladelba.it\/de\/wp-json\/wp\/v2\/listing_states?post=7716"},{"taxonomy":"listing_city","embeddable":true,"href":"https:\/\/www.appartamentisoladelba.it\/de\/wp-json\/wp\/v2\/listing_cities?post=7716"},{"taxonomy":"listing_area","embeddable":true,"href":"https:\/\/www.appartamentisoladelba.it\/de\/wp-json\/wp\/v2\/listing_areas?post=7716"}],"curies":[{"name":"wp","href":"https:\/\/api.w.org\/{rel}","templated":true}]}}

<div class="itemIntroText">
<p>Wohnung in Elba, in der Umgebung von Marina di Campo. Fahrräder stehen zur Verfügung, um das Zentrum und den Sandstrand zu erreichen, der nur 5 Minuten entfernt ist.<br />
Granseola ist eine gepflegte Zweizimmerwohnung an der Südküste der Insel, nicht weit entfernt von Elbas größtem Strand, Marina di Campo.<br />
Das Dorf und der Strand sind 1 km entfernt und können leicht mit den Fahrrädern erreicht werden, die die Eigentümer ihren Gästen kostenlos zur Verfügung stellen.<br />
Marina di Campo ist im Sommer ein sehr beliebter Badeort; sein Zentrum, das sich zum langen Sandstrand hin öffnet, ist voll von Restaurants, Clubs, kleinen Geschäften und bunten Abendbuden entlang der Strandpromenade.<br />
Granseola befindet sich im Erdgeschoss eines Landhauses mit insgesamt vier Wohnungen.<br />
Es besteht aus: Wohnzimmer mit Kochnische und Schlafsofa für zwei Personen, Schlafzimmer mit Doppelbett, Bad mit Duschkabine und gepflastertem Eingang zum Essen im Freien.<br />
Für mehrere Familien, die ihren Urlaub gemeinsam verbringen wollen, stehen auch die anderen drei Wohnungen zur Verfügung: Stenella (Einzimmerwohnung 2 Personen), Stella Marina (Zweizimmerwohnung 4 Personen) und Aragosta (Einzimmerwohnung 2 Personen).<br />
Alle Wohnungen haben Zugang zum Gemeinschaftsgarten mit Pavillon und Grill sowie zum Waschraum.</p>
<p>CIN: IT049003C2OFEE4O8G</p>
</div>

<p>Wohnung in Elba, in der Umgebung von Marina di Campo. Fahrräder stehen zur Verfügung, um das Zentrum und den Sandstrand zu erreichen, der nur 5 Minuten entfernt ist. Granseola ist eine gepflegte Zweizimmerwohnung an der Südküste der Insel, nicht weit entfernt von Elbas größtem Strand, Marina di Campo. Das Dorf und der Strand sind 1 km [&hellip;]</p>

<!-- This site is optimized with the Yoast SEO plugin v27.2 - https://yoast.com/product/yoast-seo-wordpress/ -->
<title>Ferienwohnung Granseola - Appartamenti Isola d&#039;Elba</title>
<meta name="robots" content="index, follow, max-snippet:-1, max-image-preview:large, max-video-preview:-1" />
<link rel="canonical" href="https://www.appartamentisoladelba.it/de/die-ferienwohnungen/ferienwohnung-granseola/" />
<meta property="og:locale" content="de_DE" />
<meta property="og:type" content="article" />
<meta property="og:title" content="Ferienwohnung Granseola - Appartamenti Isola d&#039;Elba" />
<meta property="og:description" content="Wohnung in Elba, in der Umgebung von Marina di Campo. Fahrräder stehen zur Verfügung, um das Zentrum und den Sandstrand zu erreichen, der nur 5 Minuten entfernt ist. Granseola ist eine gepflegte Zweizimmerwohnung an der Südküste der Insel, nicht weit entfernt von Elbas größtem Strand, Marina di Campo. Das Dorf und der Strand sind 1 km [&hellip;]" />
<meta property="og:url" content="https://www.appartamentisoladelba.it/de/die-ferienwohnungen/ferienwohnung-granseola/" />
<meta property="og:site_name" content="Appartamenti Isola d&#039;Elba" />
<meta property="article:publisher" content="https://www.facebook.com/appartamentisoladelba/" />
<meta property="article:modified_time" content="2024-12-09T09:48:34+00:00" />
<meta property="og:image" content="https://www.appartamentisoladelba.it/wp-content/uploads/2022/10/granseola-01.jpg" />
	<meta property="og:image:width" content="1100" />
	<meta property="og:image:height" content="733" />
	<meta property="og:image:type" content="image/jpeg" />
<meta name="twitter:card" content="summary_large_image" />
<meta name="twitter:label1" content="Geschätzte Lesezeit" />
	<meta name="twitter:data1" content="2 Minuten" />
<!-- / Yoast SEO plugin. -->

Wohnung in Elba, in der Umgebung von Marina di Campo. Fahrräder stehen zur Verfügung, um das Zentrum und den Sandstrand zu erreichen, der nur 5 Minuten entfernt ist. Granseola ist eine gepflegte Zweizimmerwohnung an der Südküste der Insel, nicht weit entfernt von Elbas größtem Strand, Marina di Campo. Das Dorf und der Strand sind 1 km [&hellip;]

Wohnungen zur Miete auf der Insel Elba für den Sommer
